{"id":39,"date":"2017-11-04T13:18:11","date_gmt":"2017-11-04T13:18:11","guid":{"rendered":"http:\/\/www.altbach-garage.ch\/web\/?page_id=39"},"modified":"2024-11-13T10:23:56","modified_gmt":"2024-11-13T09:23:56","slug":"suzuki","status":"publish","type":"page","link":"http:\/\/www.altbach-garage.ch\/web\/marken\/suzuki\/","title":{"rendered":"Suzuki"},"content":{"rendered":"<p><br \/>Als Suzuki Spezialist seit \u00fcber 6 Jahren haben wir eine grosse Erfahrung.<\/p>\n<p>S\u00e4mtliche Wartungs- und Reparaturarbeiten an Ihrem Suzuki werden weiterhin nach Herstellervorgaben ausgef\u00fchrt. Als Suzuki-Kunde k\u00f6nnen Sie auf die Altbach-Garage AG z\u00e4hlen.<\/p>\n\n\n<p><\/p>\n","protected":false},"excerpt":{"rendered":"<p>Als Suzuki Spezialist seit \u00fcber 6 Jahren haben wir eine grosse Erfahrung. S\u00e4mtliche Wartungs- und Reparaturarbeiten an Ihrem Suzuki werden weiterhin nach Herstellervorgaben ausgef\u00fchrt. Als Suzuki-Kunde k\u00f6nnen Sie auf die <span class=\"readmore\"><a href=\"http:\/\/www.altbach-garage.ch\/web\/marken\/suzuki\/\">Weiterlesen &#8230;<\/a><\/span><\/p>\n","protected":false},"author":3,"featured_media":0,"parent":35,"menu_order":0,"comment_status":"closed","ping_status":"closed","template":"","meta":[],"_links":{"self":[{"href":"http:\/\/www.altbach-garage.ch\/web\/wp-json\/wp\/v2\/pages\/39"}],"collection":[{"href":"http:\/\/www.altbach-garage.ch\/web\/wp-json\/wp\/v2\/pages"}],"about":[{"href":"http:\/\/www.altbach-garage.ch\/web\/wp-json\/wp\/v2\/types\/page"}],"author":[{"embeddable":true,"href":"http:\/\/www.altbach-garage.ch\/web\/wp-json\/wp\/v2\/users\/3"}],"replies":[{"embeddable":true,"href":"http:\/\/www.altbach-garage.ch\/web\/wp-json\/wp\/v2\/comments?post=39"}],"version-history":[{"count":34,"href":"http:\/\/www.altbach-garage.ch\/web\/wp-json\/wp\/v2\/pages\/39\/revisions"}],"predecessor-version":[{"id":7593,"href":"http:\/\/www.altbach-garage.ch\/web\/wp-json\/wp\/v2\/pages\/39\/revisions\/7593"}],"up":[{"embeddable":true,"href":"http:\/\/www.altbach-garage.ch\/web\/wp-json\/wp\/v2\/pages\/35"}],"wp:attachment":[{"href":"http:\/\/www.altbach-garage.ch\/web\/wp-json\/wp\/v2\/media?parent=39"}],"curies":[{"name":"wp","href":"https:\/\/api.w.org\/{rel}","templated":true}]}}